{"id":17819,"date":"2021-07-04T02:00:13","date_gmt":"2021-07-04T01:00:13","guid":{"rendered":"http:\/\/pl.doda-music.com\/?page_id=17819"},"modified":"2021-07-07T10:04:22","modified_gmt":"2021-07-07T09:04:22","slug":"dont-wanna-hide-voting","status":"publish","type":"page","link":"https:\/\/pl.doda-music.com\/index.php\/dont-wanna-hide-voting\/","title":{"rendered":"Don&#8217;t Wanna Hide &#8211; VOTING"},"content":{"rendered":"\n<h2 class=\"wp-block-heading\">Radia &#8211; G\u0141OSOWANIE<\/h2>\n\n\n\n<ul><li><a href=\"https:\/\/www.radiobielsko.pl\/audycje\/codzienna-lista-przebojow\">Radio Bielsko &#8211; PROPOZYCJE (A)<\/a><\/li><li><a href=\"https:\/\/www.eska.pl\/goraca20\/\">Radio ESKA &#8211; GOR\u0104CA DWUDZIESTKA &#8211; PROPOZYCJE (A)<\/a><\/li><li><a href=\"https:\/\/www.voxfm.pl\/bestlista\/?fbclid=IwAR3L9XTrswOoKJoVPSR0HzuMiwSzrEZ1mRJF8GnKBDP32GW04JbDVhx-gvk\">VOX FM &#8211; PROPOZYCJE (A)<\/a><\/li><li><a href=\"https:\/\/www.radiorekord.pl\/radom\/charts\">Radio Rekord &#8211; NOTOWANIE (najwy\u017csza pozycja: #4) (A)<\/a><\/li><li><a href=\"http:\/\/radioforte.com.pl\/\">Radio Forte &#8211; NOTOWANIE (najwy\u017csza pozycja: #1) &#8211; kliknij na Topli<\/a>sta Forten Hits w menu u g\u00f3ry<\/li><\/ul>\n\n\n\n<h2 class=\"wp-block-heading\">Radia &#8211; ZG\u0141ASZANIE<\/h2>\n\n\n\n<p>Poni\u017cej listy przeboj\u00f3w, na kt\u00f3rych jeszcze nie ma &#8220;Don&#8217;t Wanna Hide&#8221;, ale mo\u017cemy to zmieni\u0107! Zg\u0142aszajcie singla do propozycji!<\/p>\n\n\n\n<ul><li><a href=\"https:\/\/www.rmfmaxxx.pl\/hopbec\/propozycje\">RMF MAXXX &#8211; zg\u0142aszajcie w komentarzach (A)<\/a><\/li><li><a href=\"https:\/\/www.radiozet.pl\/Radio\/Lista-przebojow\">Radio Zet &#8211; formularz na dole strony (A)<\/a><\/li><li><a href=\"https:\/\/www.nasze.fm\/hitfm\">Nasze FM &#8211; formularz na dole strony (A)<\/a><\/li><li><a href=\"https:\/\/www.facebook.com\/MuzyczneRadio\/posts\/10159284104032229\">Muzyczne Radio &#8211; komentarz na Facebooku (A)<\/a><\/li><\/ul>\n\n\n\n<h2 class=\"wp-block-heading\">Internet<\/h2>\n\n\n\n<p><a href=\"https:\/\/www.eska.pl\/quiz\/qz-LNvs-A8eJ-8TSj\">Eska.pl &#8211; Hit Czerwca (do 4 lipca)<\/a><\/p>\n\n\n\n<p>I je\u015bli ju\u017c jeste\u015b na tej stronie&#8230; nie zapomnij, by w\u0142\u0105czy\u0107 teledysk i utw\u00f3r na Spotify!<\/p>\n\n\n\n<figure class=\"wp-block-embed-youtube wp-block-embed is-type-video is-provider-youtube wp-embed-aspect-16-9 wp-has-aspect-ratio\"><div class=\"wp-block-embed__wrapper\">\n<iframe loading=\"lazy\" title=\"Doda - Don&#039;t wanna hide (Official video)\" width=\"1000\" height=\"563\" src=\"https:\/\/www.youtube.com\/embed\/26z89VPIq3o?feature=oembed\" frameborder=\"0\" allow=\"accelerometer; autoplay; clipboard-write; encrypted-media; gyroscope; picture-in-picture\" allowfullscreen><\/iframe>\n<\/div><\/figure>\n\n\n\n<iframe loading=\"lazy\" src=\"https:\/\/open.spotify.com\/embed\/track\/1GOqcSQYjaCZ2zVWGPaTC5\" width=\"100%\" height=\"380\" frameBorder=\"0\" allowtransparency=\"true\" allow=\"encrypted-media\"><\/iframe>\n\n\n\n<p>*(A) &#8211; radio liczy si\u0119 do Airplay ZPAV<\/p>\n\n\n\n<figure class=\"wp-block-image\"><img loading=\"lazy\" decoding=\"async\" width=\"500\" height=\"217\" src=\"http:\/\/pl.doda-music.com\/wp-content\/uploads\/2021\/07\/dontwannahideresize-500x217.png\" alt=\"\" class=\"wp-image-17824\" srcset=\"https:\/\/pl.doda-music.com\/wp-content\/uploads\/2021\/07\/dontwannahideresize-500x217.png 500w, https:\/\/pl.doda-music.com\/wp-content\/uploads\/2021\/07\/dontwannahideresize-300x130.png 300w, https:\/\/pl.doda-music.com\/wp-content\/uploads\/2021\/07\/dontwannahideresize-768x334.png 768w, https:\/\/pl.doda-music.com\/wp-content\/uploads\/2021\/07\/dontwannahideresize.png 1040w\" sizes=\"(max-width: 500px) 100vw, 500px\" \/><\/figure>\n","protected":false},"excerpt":{"rendered":"<p>Radia &#8211; G\u0141OSOWANIE Radio Bielsko &#8211; PROPOZYCJE (A) Radio ESKA &#8211; GOR\u0104CA DWUDZIESTKA &#8211; PROPOZYCJE (A) VOX FM &#8211; PROPOZYCJE (A) Radio Rekord &#8211; NOTOWANIE (najwy\u017csza pozycja: #4) (A) Radio Forte &#8211; NOTOWANIE (najwy\u017csza pozycja: #1) &#8211; kliknij na Toplista Forten Hits w menu u g\u00f3ry Radia &#8211; ZG\u0141ASZANIE Poni\u017cej listy przeboj\u00f3w, na kt\u00f3rych jeszcze&#8230; <\/p>\n<div class=\"link-more\"><a href=\"https:\/\/pl.doda-music.com\/index.php\/dont-wanna-hide-voting\/\">Read More<\/a><\/div>\n","protected":false},"author":1,"featured_media":0,"parent":0,"menu_order":0,"comment_status":"open","ping_status":"closed","template":"","meta":{"footnotes":""},"_links":{"self":[{"href":"https:\/\/pl.doda-music.com\/index.php\/wp-json\/wp\/v2\/pages\/17819"}],"collection":[{"href":"https:\/\/pl.doda-music.com\/index.php\/wp-json\/wp\/v2\/pages"}],"about":[{"href":"https:\/\/pl.doda-music.com\/index.php\/wp-json\/wp\/v2\/types\/page"}],"author":[{"embeddable":true,"href":"https:\/\/pl.doda-music.com\/index.php\/wp-json\/wp\/v2\/users\/1"}],"replies":[{"embeddable":true,"href":"https:\/\/pl.doda-music.com\/index.php\/wp-json\/wp\/v2\/comments?post=17819"}],"version-history":[{"count":6,"href":"https:\/\/pl.doda-music.com\/index.php\/wp-json\/wp\/v2\/pages\/17819\/revisions"}],"predecessor-version":[{"id":17834,"href":"https:\/\/pl.doda-music.com\/index.php\/wp-json\/wp\/v2\/pages\/17819\/revisions\/17834"}],"wp:attachment":[{"href":"https:\/\/pl.doda-music.com\/index.php\/wp-json\/wp\/v2\/media?parent=17819"}],"curies":[{"name":"wp","href":"https:\/\/api.w.org\/{rel}","templated":true}]}}